/(w - 9). Let c be (-51)/(-15)*(-5)/(-1). Calculate the greatest common divisor of c and i.
17
Let f(h) = 3*h**2 - 2*h + 7. Let r be f(-3). Let p = 30 + r. Calculate the highest common factor of 10 and p.
10
Let l(b) = b**2 - 12*b - 2. Let h be l(13). Suppose -5*x + 4*n = 1061, 0 = -0*x - 2*x + n - 422. Let g = -88 - x. What is the highest common divisor of g and h?
11
Suppose 0 = -2*z - 2*t + 9 + 17, 3*t = 0. Calculate the highest common divisor of z and 169.
13
Let z(d) = -d**3 + 5*d**2 + 3*d + 2. Let p be z(5). Suppose -5*g = u - p, -2*g + 2*u - 13 = -5*g. Calculate the highest common divisor of 2 and g.
1
Let r = -20 + 35. Calculate the highest common divisor of 405 and r.
15
Let q(t) = 19*t + 20. Let i be q(16). Suppose 0*w + 6*w = i. Calculate the greatest common factor of 81 and w.
27
Let t = 5416 - 1771. Calculate the greatest common divisor of 15 and t.
15
Suppose -2*k + 5*x + 13 = -43, -3*x = -k + 27. Calculate the highest common factor of k and 462.
33
Let j(o) = -o**3 + 12*o**2 - 5*o + 42. Let s be j(11). What is the highest common divisor of s and 2?
2
Let q(c) = 10 + 5 + 16*c + 3*c**2 + 6. Let i be q(-12). What is the highest common divisor of i and 29?
29
Suppose -4*z + 26 = k + 2*k, -z = -3*k - 14. Let d = -18 + z. Let r be 30*6*(-1)/d. Calculate the highest common divisor of 9 and r.
9
Let o be -24*2*5/(-8). What is the highest common divisor of o and 110?
10
Let z(k) = k**2 + 42*k + 128. Let b be z(-40). Calculate the greatest common divisor of 156 and b.
12
Let j = 19 - -26. Suppose 16*a = 3*g + 18*a - 19, 5*g - 2*a = 21. Calculate the highest common divisor of j and g.
5
Let d(u) = 5*u**2 + 133*u + 29. Let a be d(-28). Calculate the highest common divisor of a and 150.
75
Suppose -7*z - 122 = -269. Calculate the highest common divisor of z and 14.
7
Suppose -3*c - 4*i + 6 = -13, -c = -i + 3. Let t be (9/(-18))/((2/(-4))/c). Calculate the greatest common factor of t and 7.
1
Let l(c) = c**2 + c - 36. Let d be l(5). Let f be (8/d)/(7/(-147)). What is the greatest common factor of f and 28?
28
Let g(l) = -7*l - 13. Suppose a - 6 = v + 3*a, -v - 7 = 3*a. Let o be g(v). Calculate the greatest common divisor of 105 and o.
15
Suppose -9*p + 30 = -4*p. Suppose p*y = 13*y - 392. Calculate the highest common factor of y and 7.
7
Let i(v) = -4*v - 22. Let a be i(-9). Suppose 4*h - a = 6*h. Let q(y) = y**3 + 9*y**2 - 3*y + 1. Let k be q(h). What is the greatest common divisor of 48 and k?
24
Let n = -147 + 307. Suppose -3*j - 77 = -4*p, -p + 5*j - 7*j = -22. Calculate the highest common factor of n and p.
20
Let h(q) = 12*q + 96. Let i be h(58). Calculate the highest common divisor of i and 120.
24
Let d be (-25146)/(-286) + (-4)/(-52). What is the highest common factor of d and 484?
44
Suppose d - 19*d + 2394 = 0. Calculate the greatest common divisor of 684 and d.
19
Suppose -4 = -r, -3*j + 64 = -0*j - 2*r. Let k = j + -15. Calculate the greatest common factor of 63 and k.
9
Let i be 2/6 + (-7595)/(-147). What is the greatest common factor of 13 and i?
13
Let y be 3/(-21) - (-1918)/49. Suppose -31*x + 34*x = y. What is the greatest common divisor of 169 and x?
13
Suppose 0 = -5*a + 63 - 93 + 85. Suppose 0 = -2*w - 0*w + 286. Calculate the highest common divisor of w and a.
11
Let o = 43 - 27. What is the highest common factor of o and 544?
16
Suppose -5*w = 2*i - 40, -w - 15 = 3*i + 2*i. Let g = w + -2. Suppose -3*b + 10*b - 14 = 0. Calculate the greatest common divisor of b and g.
2
Let i be ((-18)/(-8))/(1/24). Let n = i + -42. Calculate the greatest common divisor of 24 and n.
12
Let k = -29 + 17. Let x be 299/(-253) + 1 + (-9)/11. Let q be (k/4 + 0)/x. What is the highest common factor of q and 21?
3
Let q(a) = 8*a**3 + 3*a**2 + 5*a - 2. Let x be q(3). Calculate the greatest common divisor of x and 16.
16
Let t(r) = -r**3 + 5*r**2 - 5*r + 6. Let b be t(4). Let h = -66 + 68. Suppose b*w - 10 = -h. Calculate the greatest common factor of 44 and w.
4
Suppose -5*c + 10 = 0, -c = -5*n - 5*c + 13. Let x be (4 + -1)/(n/23). What is the greatest common divisor of 23 and x?
23
Let j(f) = f**3 + 3*f**2 - 5. Let d be j(-3). Let c = 5 - d. What is the greatest common factor of c and 20?
10
Let b = -7 - -12. Suppose -2*z + 28 = b*z. Calculate the greatest common factor of 6 and z.
2
Suppose 4*x + 368 - 5 = -3*k, -k - 121 = 2*x. Suppose -4*h - 134 - 670 = 0. Let j = k - h. What is the greatest common factor of 10 and j?
10
Suppose 2*f = 4*b - 88, 7*f = b + 6*f - 20. What is the highest common divisor of 108 and b?
12
Let h be ((-49)/(-35) + (-2)/10)*10. Calculate the highest common divisor of 42 and h.
6
Let n be (-96)/(-10) - (-4)/10. Let f = -11 + 7. Let y be 15/(-30) + (-10)/f. What is the highest common factor of y and n?
2
Let u = -20 - -43. Let m = u + -15. What is the greatest common divisor of m and 16?
8
Let s = 48 - 43. Let w be 5*(21/s - 4). What is the greatest common divisor of w and 9?
1
Suppose 68 = 9*k - 22. What is the greatest common factor of k and 130?
10
Let p be -1*2/(8/52). Let u(j) = 3*j**2 + 27*j + 16. Let k be u(p). What is the highest common divisor of k and 43?
43
Suppose -k - o + 2 = 0, 5*k = 4*o + 22 + 15. Suppose p = 3*p - 8. Suppose k*c - 4*c - 76 = -p*i, i = -2*c + 12. What is the greatest common divisor of 10 and i?
10
Let o be (-1346)/(-30) - 10/(-75). Let j be (-3)/(-12) - 82/8. Let n be (1*j)/(5 - 7). What is the highest common factor of n and o?
5
Suppose 41*s - 45*s - 32 = 0. Let x be s/20 + 754/10. What is the highest common factor of x and 45?
15
Suppose 0 = -65*a + 68*a - 369. Let h(x) = 4*x**2 + 6*x + 1. Let s be h(-4). What is the greatest common divisor of s and a?
41
Suppose 3293 + 10254 - 2997 = 211*y. Suppose n = -0*n + 2. What is the highest common factor of n and y?
2
Let z = -27 - -30. Let s be (-136)/z*(-3)/2. Calculate the greatest common divisor of 34 and s.
34
Suppose 36 = -2*v + 3*q, q - 54 = 2*v - 18. Let y be (-88)/v + 1/9. Calculate the greatest common factor of y and 1.
1
Suppose i - 4 = -0*i. Suppose -4*o - 100 = -i*m, -o = 3*m - 4 - 75. Let v be -1 - (-28)/(4/2). Calculate the greatest common divisor of v and m.
13
Let n = 123 + -8. Suppose 2*h + n = 139. What is the greatest common factor of h and 24?
12
Let q be 12/(1*1/2). Let w = -5 + 1. Let n be (-1 - -2) + w - -9. Calculate the highest common factor of q and n.
6
Let q = 145 - 129. Let g = 178 - 138. Calculate the highest common factor of g and q.
8
Let m = 96 + -93. What is the highest common factor of 111 and m?
3
Suppose -3*q = -8*q + 120. Suppose q = -u + 74. What is the greatest common factor of 10 and u?
10
Suppose z + 2*s = 46, -2*z + 2*s = -0*s - 68. Calculate the highest common factor of 1026 and z.
38
Let p(q) = -q**2 - 7*q - 2. Let i be p(-5). Suppose -x + i + 244 = 0. What is the greatest common factor of x and 28?
28
Let h(a) = -4*a**3 - 2*a + 1. Let o be h(1). Let r = o + 10. Suppose -427 = -r*j + 23. Calculate the highest common divisor of j and 10.
10
Suppose 4*t + 2*t - 12 = 0. Let a(y) = 147*y - 6. Let s be a(t). Calculate the greatest common factor of s and 36.
36
Suppose 2*z - 38 = 4*h, 5 = 5*z + 4*h - 34. Let g = -1 + z. Calculate the highest common divisor of g and 15.
5
Suppose 3*w - 29 = -164. Let v be (2/(-5))/(3/w). Let c = 7257 - 7255. Calculate the greatest common factor of c and v.
2
Let j = 106 + -92. Let c be (-11)/((-44)/(-8))*-119. What is the highest common divisor of c and j?
14
Suppose -8 - 3 = -o + 5*f, -5*o = -3*f - 11. Let h(i) = 5*i - 1. Let z be h(1). Calculate the greatest common factor of o and z.
1
Let b(x) = x**3 - 7*x**2 + 6*x + 3. Suppose 5*v - 2*p = -4*p + 29, -5*v + 2*p = -41. Let k be b(v). Calculate the highest common divisor of k and 5.
5
Let k = -1 + 13. Let c(g) = -g**2 + 2 + 0 + g**3 - 5*g + 1. Let p be c(3). Calculate the greatest common factor of p and k.
6
Let q be (-2130)/(-25) + 18/(-15). What is the highest common factor of 196 and q?
28
Let f be (6*216/32)/((-3)/(-10)). Calculate the greatest common factor of f and 20.
5
Let u be (-18)/(-5)*1525/10. Calculate the highest common factor of u and 61.
61
Let d = -25 + 57. Let p be 3 - (-10 + (-9)/3). What is the highest common factor of d and p?
16
Suppose -2*n - w = -363, -914 = -5*n - 153*w + 157*w. Calculate the